List the prime factors of 7095127.
13, 41983
List the prime factors of 276899.
7, 5651
What are the prime factors of 381087?
3, 7, 23, 263
List the prime factors of 75261.
3, 25087
What are the prime factors of 132108?
2, 3, 101, 109
List the prime factors of 447405.
3, 5, 7, 4261
List the prime factors of 273472.
2, 4273
List the prime factors of 6500656.
2, 541, 751
List the prime factors of 216592.
2, 13537
What are the prime factors of 2005238?
2, 1002619
What are the prime factors of 189170?
2, 5, 18917
What are the prime factors of 1707449?
31, 55079
What are the prime factors of 123212?
2, 30803
What are the prime factors of 319868?
2, 79967
List the prime factors of 225873.
3, 25097
What are the prime factors of 70304?
2, 13
What are the prime factors of 3464450?
2, 5, 11, 6299
List the prime factors of 704191.
17, 23, 1801
List the prime factors of 332537.
17, 31, 631
What are the prime factors of 1036649?
1036649
What are the prime factors of 92796?
2, 3, 11, 19, 37
What are the prime factors of 966828?
2, 3, 23, 31, 113
What are the prime factors of 1575913?
1575913
What are the prime factors of 446464?
2, 109
What are the prime factors of 17637876?
2, 3, 489941
What are the prime factors of 580805?
5, 17, 6833
What are the prime factors of 279478?
2, 139739
List the prime factors of 509846.
2, 19, 13417
List the prime factors of 1799053.
19, 94687
List the prime factors of 2577188.
2, 644297
What are the prime factors of 881816?
2, 13, 61, 139
List the prime factors of 16618700.
2, 5, 7, 23741
What are the prime factors of 4875480?
2, 3, 5, 29, 467
List the prime factors of 122933.
269, 457
What are the prime factors of 161391?
3, 23, 2339
What are the prime factors of 2385927?
3, 353, 751
List the prime factors of 2373720.
2, 3, 5, 131, 151
What are the prime factors of 8273?
8273
List the prime factors of 1269285.
3, 5, 37, 2287
List the prime factors of 529419.
3, 11, 61, 263
List the prime factors of 10979020.
2, 5, 13, 42227
What are the prime factors of 1299122?
2, 11, 59051
What are the prime factors of 1083764?
2, 11, 24631
What are the prime factors of 92494?
2, 103, 449
What are the prime factors of 723968?
2, 7, 101
What are the prime factors of 3949851?
3, 43, 67, 457
List the prime factors of 11689964.
2, 11, 13, 107, 191
What are the prime factors of 1702689?
3, 41, 109, 127
List the prime factors of 25343776.
2, 791993
List the prime factors of 2177350.
2, 5, 7, 6221
What are the prime factors of 3318963?
3, 29, 38149
What are the prime factors of 15121311?
3, 79, 63803
List the prime factors of 102537.
3, 11393
List the prime factors of 1243671.
3, 11, 13, 223
List the prime factors of 1279550.
2, 5, 157, 163
What are the prime factors of 698368?
2, 11, 31
List the prime factors of 2284516.
2, 13, 43933
What are the prime factors of 917051?
917051
List the prime factors of 5773506.
2, 3, 17, 23, 107
List the prime factors of 1525954.
2, 17, 37, 1213
List the prime factors of 20394046.
2, 10197023
List the prime factors of 5416666.
2, 2708333
List the prime factors of 24348.
2, 3, 2029
What are the prime factors of 286852?
2, 71713
What are the prime factors of 1133410?
2, 5, 113341
List the prime factors of 18087.
3, 6029
List the prime factors of 318927.
3, 7, 15187
List the prime factors of 13034791.
7, 11, 169283
What are the prime factors of 195919?
195919
What are the prime factors of 5116888?
2, 7, 91373
What are the prime factors of 35932968?
2, 3, 17, 31, 947
List the prime factors of 590449.
173, 3413
List the prime factors of 8539836.
2, 3, 711653
List the prime factors of 5237193.
3, 13, 134287
List the prime factors of 490007.
7, 70001
List the prime factors of 85990.
2, 5, 8599
What are the prime factors of 543121?
467, 1163
What are the prime factors of 1587762?
2, 3, 11
What are the prime factors of 942149?
13, 23, 137
List the prime factors of 1390887.
3, 154543
What are the prime factors of 145261?
29, 5009
List the prime factors of 318590.
2, 5, 31859
What are the prime factors of 6572261?
107, 239, 257
What are the prime factors of 713820?
2, 3, 5, 11897
List the prime factors of 2679087.
3, 893029
List the prime factors of 705222.
2, 3, 7, 29, 193
List the prime factors of 37606.
2, 18803
List the prime factors of 65413.
65413
What are the prime factors of 629688?
2, 3, 26237
List the prime factors of 7801363.
7801363
List the prime factors of 65527.
7, 11, 23, 37
What are the prime factors of 33956718?
2, 3, 17, 31, 10739
List the prime factors of 4331340.
2, 3, 5, 13, 617
What are the prime factors of 9812492?
2, 31, 79133
List the prime factors of 7349054.
2, 79, 193, 241
List the prime factors of 3674843.
79, 181, 257
List the prime factors of 971028.
2, 3, 37
List the prime factors of 12177888.
2, 3, 47, 2699
List the prime factors of 1481907.
3, 7, 17, 593
What are the prime factors of 369241?
31, 43, 277
What are the prime factors of 504587?
31, 41, 397
List the prime factors of 158266.
2, 79133
List the prime factors of 14987125.
5, 47, 2551
What are the prime factors of 10900?
2, 5, 109
List the prime factors of 1678097.
823, 2039
List the prime factors of 7124094.
2, 3, 89, 4447
List the prime factors of 299241.
3, 11083
List the prime factors of 389885.
5, 77977
List the prime factors of 616080.
2, 3, 5, 17, 151
What are the prime factors of 10843457?
10843457
What are the prime factors of 758743?
758743
What are the prime factors of 1427661?
3, 41, 53, 73
What are the prime factors of 2913407?
7, 416201
What are the prime factors of 457745?
5, 83, 1103
What are the prime factors of 1592354?
2, 796177
List the prime factors of 16331059.
373, 43783
List the prime factors of 828625.
5, 7, 947
List the prime factors of 2542694.
2, 7, 11, 19, 79
What are the prime factors of 472975?
5, 18919
What are the prime factors of 24920217?
3, 7, 43951
List the prime factors of 20449014.
2, 3, 283, 12043
List the prime factors of 12455793.
3, 7, 197711
What are the prime factors of 188252?
2, 19, 2477
What are the prime factors of 13148235?
3, 5, 292183
What are the prime factors of 1747804?
2, 17, 25703
What are the prime factors of 3747487?
263, 14249
List the prime factors of 25905781.
11, 1471, 1601
List the prime factors of 9360354.
2, 3, 1560059
List the prime factors of 6864213.
3, 29, 257, 307
What are the prime factors of 299494?
2, 13, 11519
What are the prime factors of 292279?
13, 22483
What are the prime factors of 2333809?
2333809
List the prime factors of 20050381.
13, 113, 13649
List the prime factors of 38470185.
3, 5, 13, 65761
What are the prime factors of 320105?
5, 73, 877
What are the prime factors of 149410?
2, 5, 67, 223
List the prime factors of 107586.
2, 3, 43, 139
What are the prime factors of 265457?
179, 1483
List the prime factors of 1154087.
11, 104917
List the prime factors of 9747788.
2, 233, 10459
What are the prime factors of 24988156?
2, 263, 23753
List the prime factors of 337459.
19, 17761
List the prime factors of 1415532.
2, 3, 179, 659
What are the prime factors of 6021721?
101, 59621
What are the prime factors of 59461?
97, 613
What are the prime factors of 4223980?
2, 5, 211199
List the prime factors of 2103060.
2, 3, 5, 35051
List the prime factors of 7442956.
2, 43, 109, 397
List the prime factors of 10679720.
2, 5, 266993
List the prime factors of 1955475.
3, 5, 2897
List the prime factors of 1178111.
11, 107101
What are the prime factors of 4898870?
2, 5, 489887
What are the prime factors of 200275?
5, 8011
What are the prime factors of 605630?
2, 5, 71, 853
What are the prime factors of 6966981?
3, 7, 110587
What are the prime factors of 3040979?
3040979
What are the prime factors of 1290011?
17, 75883
What are the prime factors of 459675?
3, 5, 227
List the prime factors of 3313715.
5, 662743
List the prime factors of 231991.
139, 1669
What are the prime factors of 2475080?
2, 5, 43, 1439
What are the prime factors of 225783?
3, 25087
List the prime factors of 54144.
2, 3, 47
List the prime factors of 6736012.
2, 17, 5827
What are the prime factors of 74443?
17, 29, 151
What are the prime factors of 1854180?
2, 3, 5, 10301
List the prime factors of 366800.
2, 5, 7, 131
List the prime factors of 5678660.
2, 5, 13, 21841
What are the prime factors